{"id":15642,"date":"2025-03-25T18:21:28","date_gmt":"2025-03-25T18:21:28","guid":{"rendered":"https:\/\/www.tortis-snacks.com\/?post_type=product&#038;p=15642"},"modified":"2025-03-25T18:59:44","modified_gmt":"2025-03-25T18:59:44","slug":"naturally-sweet-maduros","status":"publish","type":"product","link":"https:\/\/www.tortis-snacks.com\/?product=naturally-sweet-maduros","title":{"rendered":"Naturally Sweet Maduros"},"content":{"rendered":"","protected":false},"excerpt":{"rendered":"<p><strong>Peso:<\/strong>\u00a02.4 oz | 70 g<\/p>\n<p class=\"\" data-start=\"1402\" data-end=\"1709\">Hechos con pl\u00e1tanos maduros que han seguido su curso natural sin aceleradores ni qu\u00edmicos, nuestros chips <strong data-start=\"1508\" data-end=\"1527\">Naturally Sweet<\/strong> tienen una dulzura \u00fanica y aut\u00e9ntica. Su sabor caramelizado y textura crocante los convierte en el acompa\u00f1ante perfecto para tus momentos dulces o como un postre ligero y saludable.<\/p>\n<p data-start=\"1402\" data-end=\"1709\"><img fetchpriority=\"high\" decoding=\"async\" class=\"alignnone size-medium wp-image-15620\" role=\"img\" src=\"https:\/\/www.tortis-snacks.com\/wp-content\/uploads\/2025\/03\/vegan-tortis.svg\" alt=\"\" width=\"400\" height=\"300\" \/><\/p>\n","protected":false},"featured_media":15627,"comment_status":"open","ping_status":"closed","template":"","meta":[],"product_brand":[],"product_cat":[80,22],"product_tag":[],"class_list":{"0":"post-15642","1":"product","2":"type-product","3":"status-publish","4":"has-post-thumbnail","6":"product_cat-bags","7":"product_cat-plantain-chips","9":"first","10":"instock","11":"shipping-taxable","12":"purchasable","13":"product-type-simple"},"_links":{"self":[{"href":"https:\/\/www.tortis-snacks.com\/index.php?rest_route=\/wp\/v2\/product\/15642","targetHints":{"allow":["GET"]}}],"collection":[{"href":"https:\/\/www.tortis-snacks.com\/index.php?rest_route=\/wp\/v2\/product"}],"about":[{"href":"https:\/\/www.tortis-snacks.com\/index.php?rest_route=\/wp\/v2\/types\/product"}],"replies":[{"embeddable":true,"href":"https:\/\/www.tortis-snacks.com\/index.php?rest_route=%2Fwp%2Fv2%2Fcomments&post=15642"}],"version-history":[{"count":1,"href":"https:\/\/www.tortis-snacks.com\/index.php?rest_route=\/wp\/v2\/product\/15642\/revisions"}],"predecessor-version":[{"id":15643,"href":"https:\/\/www.tortis-snacks.com\/index.php?rest_route=\/wp\/v2\/product\/15642\/revisions\/15643"}],"wp:featuredmedia":[{"embeddable":true,"href":"https:\/\/www.tortis-snacks.com\/index.php?rest_route=\/wp\/v2\/media\/15627"}],"wp:attachment":[{"href":"https:\/\/www.tortis-snacks.com\/index.php?rest_route=%2Fwp%2Fv2%2Fmedia&parent=15642"}],"wp:term":[{"taxonomy":"product_brand","embeddable":true,"href":"https:\/\/www.tortis-snacks.com\/index.php?rest_route=%2Fwp%2Fv2%2Fproduct_brand&post=15642"},{"taxonomy":"product_cat","embeddable":true,"href":"https:\/\/www.tortis-snacks.com\/index.php?rest_route=%2Fwp%2Fv2%2Fproduct_cat&post=15642"},{"taxonomy":"product_tag","embeddable":true,"href":"https:\/\/www.tortis-snacks.com\/index.php?rest_route=%2Fwp%2Fv2%2Fproduct_tag&post=15642"}],"curies":[{"name":"wp","href":"https:\/\/api.w.org\/{rel}","templated":true}]}}